{"id":102,"date":"2018-10-30T15:33:25","date_gmt":"2018-10-30T14:33:25","guid":{"rendered":"http:\/\/gokjadow.pl\/?page_id=102"},"modified":"2022-10-04T14:10:03","modified_gmt":"2022-10-04T12:10:03","slug":"aerobik","status":"publish","type":"page","link":"https:\/\/gokjadow.pl\/?page_id=102","title":{"rendered":"Zaj\u0119cia teatralne"},"content":{"rendered":"\n<p>Zaj\u0119cia teatralne odbywaj\u0105 si\u0119 w czwartki o godz. 15:30.<\/p>\n\n\n\n<p>Instruktorem jest p. Magda Donoch<\/p>\n\n\n\n<figure class=\"wp-block-image size-large\"><img loading=\"lazy\" decoding=\"async\" width=\"725\" height=\"1024\" src=\"https:\/\/gokjadow.pl\/wp-content\/uploads\/2022\/10\/307925793_1315278635946686_6358337156110260178_n-725x1024.jpg\" alt=\"\" class=\"wp-image-3165\" srcset=\"https:\/\/gokjadow.pl\/wp-content\/uploads\/2022\/10\/307925793_1315278635946686_6358337156110260178_n-725x1024.jpg 725w, https:\/\/gokjadow.pl\/wp-content\/uploads\/2022\/10\/307925793_1315278635946686_6358337156110260178_n-212x300.jpg 212w, https:\/\/gokjadow.pl\/wp-content\/uploads\/2022\/10\/307925793_1315278635946686_6358337156110260178_n-768x1085.jpg 768w, https:\/\/gokjadow.pl\/wp-content\/uploads\/2022\/10\/307925793_1315278635946686_6358337156110260178_n-1087x1536.jpg 1087w, https:\/\/gokjadow.pl\/wp-content\/uploads\/2022\/10\/307925793_1315278635946686_6358337156110260178_n.jpg 1449w\" sizes=\"auto, (max-width: 725px) 100vw, 725px\" \/><\/figure>\n\n\n\n<figure class=\"wp-block-image size-large is-resized\"><img decoding=\"async\" src=\"https:\/\/gokjadow.pl\/wp-content\/uploads\/2021\/07\/teatr-1024x683.jpg\" alt=\"\" class=\"wp-image-898\" width=\"-145\" height=\"-95\"\/><\/figure>\n\n\n\n<p><\/p>\n","protected":false},"excerpt":{"rendered":"<p>Zaj\u0119cia teatralne odbywaj\u0105 si\u0119 w czwartki o godz. 15:30. Instruktorem jest p. Magda Donoch<\/p>\n","protected":false},"author":1,"featured_media":0,"parent":94,"menu_order":0,"comment_status":"closed","ping_status":"closed","template":"","meta":{"_monsterinsights_skip_tracking":false,"_monsterinsights_sitenote_active":false,"_monsterinsights_sitenote_note":"","_monsterinsights_sitenote_category":0,"footnotes":""},"class_list":["post-102","page","type-page","status-publish","hentry"],"_links":{"self":[{"href":"https:\/\/gokjadow.pl\/index.php?rest_route=\/wp\/v2\/pages\/102","targetHints":{"allow":["GET"]}}],"collection":[{"href":"https:\/\/gokjadow.pl\/index.php?rest_route=\/wp\/v2\/pages"}],"about":[{"href":"https:\/\/gokjadow.pl\/index.php?rest_route=\/wp\/v2\/types\/page"}],"author":[{"embeddable":true,"href":"https:\/\/gokjadow.pl\/index.php?rest_route=\/wp\/v2\/users\/1"}],"replies":[{"embeddable":true,"href":"https:\/\/gokjadow.pl\/index.php?rest_route=%2Fwp%2Fv2%2Fcomments&post=102"}],"version-history":[{"count":6,"href":"https:\/\/gokjadow.pl\/index.php?rest_route=\/wp\/v2\/pages\/102\/revisions"}],"predecessor-version":[{"id":3187,"href":"https:\/\/gokjadow.pl\/index.php?rest_route=\/wp\/v2\/pages\/102\/revisions\/3187"}],"up":[{"embeddable":true,"href":"https:\/\/gokjadow.pl\/index.php?rest_route=\/wp\/v2\/pages\/94"}],"wp:attachment":[{"href":"https:\/\/gokjadow.pl\/index.php?rest_route=%2Fwp%2Fv2%2Fmedia&parent=102"}],"curies":[{"name":"wp","href":"https:\/\/api.w.org\/{rel}","templated":true}]}}