{"id":182,"date":"2018-11-03T11:06:59","date_gmt":"2018-11-03T10:06:59","guid":{"rendered":"http:\/\/gokjadow.pl\/?page_id=182"},"modified":"2018-11-14T13:13:46","modified_gmt":"2018-11-14T12:13:46","slug":"konkursy","status":"publish","type":"page","link":"https:\/\/gokjadow.pl\/?page_id=182","title":{"rendered":"Konkursy"},"content":{"rendered":"\n<p style=\"font-size:25px\"><strong><em>Konkursy organizowane przez Gminny O\u015brodek Kultury w Jadowie:<\/em><\/strong><\/p>\n\n\n\n<p><em>Powiatowy Konkurs Interpretacji Polskiej Tw\u00f3rczo\u015bci &#8222;Tradycja S\u0142owem Opisana&#8221; (<a href=\"https:\/\/gokjadow.pl\/?page_id=188\">czyt. wi\u0119cej<\/a>)<\/em><\/p>\n\n\n\n<p><em>Jadowski Festiwal Pie\u015bni Maryjnej &#8222;Majowe Kwiecie&#8221; (<a href=\"https:\/\/gokjadow.pl\/?page_id=192\">czyt. wi\u0119cej<\/a>)<\/em><\/p>\n\n\n\n<p><em>Powiatowy Konkurs Wiedzy &#8222;Cz\u0142owiek Roku&#8221; <a href=\"https:\/\/gokjadow.pl\/?page_id=190\">(czyt. wi\u0119cej<\/a>)<\/em><\/p>\n\n\n\n<p><em>Konkurs Pi\u0119knego Czytania (<a href=\"https:\/\/gokjadow.pl\/?page_id=194\">czyt. wi\u0119cej<\/a>)<\/em><\/p>\n\n\n\n<p><em>Gminny Konkurs Piosenki (<\/em><a href=\"https:\/\/gokjadow.pl\/?page_id=196\"><em>czyt. wi\u0119cej<\/em><\/a><em>)<\/em><\/p>\n\n\n\n<p><em>Konkurs Ortograficzny(<a href=\"https:\/\/gokjadow.pl\/?page_id=304\">czyt. wi\u0119cej<\/a>)<\/em><\/p>\n\n\n\n<p><\/p>\n","protected":false},"excerpt":{"rendered":"<p>Konkursy organizowane przez Gminny O\u015brodek Kultury w Jadowie: Powiatowy Konkurs Interpretacji Polskiej Tw\u00f3rczo\u015bci &#8222;Tradycja S\u0142owem Opisana&#8221; (czyt. wi\u0119cej) Jadowski Festiwal Pie\u015bni Maryjnej &#8222;Majowe Kwiecie&#8221; (czyt. wi\u0119cej) Powiatowy Konkurs Wiedzy &#8222;Cz\u0142owiek [&hellip;]<\/p>\n","protected":false},"author":1,"featured_media":0,"parent":0,"menu_order":0,"comment_status":"closed","ping_status":"closed","template":"","meta":{"_monsterinsights_skip_tracking":false,"_monsterinsights_sitenote_active":false,"_monsterinsights_sitenote_note":"","_monsterinsights_sitenote_category":0,"footnotes":""},"class_list":["post-182","page","type-page","status-publish","hentry"],"_links":{"self":[{"href":"https:\/\/gokjadow.pl\/index.php?rest_route=\/wp\/v2\/pages\/182","targetHints":{"allow":["GET"]}}],"collection":[{"href":"https:\/\/gokjadow.pl\/index.php?rest_route=\/wp\/v2\/pages"}],"about":[{"href":"https:\/\/gokjadow.pl\/index.php?rest_route=\/wp\/v2\/types\/page"}],"author":[{"embeddable":true,"href":"https:\/\/gokjadow.pl\/index.php?rest_route=\/wp\/v2\/users\/1"}],"replies":[{"embeddable":true,"href":"https:\/\/gokjadow.pl\/index.php?rest_route=%2Fwp%2Fv2%2Fcomments&post=182"}],"version-history":[{"count":5,"href":"https:\/\/gokjadow.pl\/index.php?rest_route=\/wp\/v2\/pages\/182\/revisions"}],"predecessor-version":[{"id":314,"href":"https:\/\/gokjadow.pl\/index.php?rest_route=\/wp\/v2\/pages\/182\/revisions\/314"}],"wp:attachment":[{"href":"https:\/\/gokjadow.pl\/index.php?rest_route=%2Fwp%2Fv2%2Fmedia&parent=182"}],"curies":[{"name":"wp","href":"https:\/\/api.w.org\/{rel}","templated":true}]}}