{"id":859,"date":"2021-07-13T10:39:57","date_gmt":"2021-07-13T08:39:57","guid":{"rendered":"https:\/\/gokjadow.pl\/?page_id=859"},"modified":"2022-10-04T14:13:41","modified_gmt":"2022-10-04T12:13:41","slug":"plenery","status":"publish","type":"page","link":"https:\/\/gokjadow.pl\/?page_id=859","title":{"rendered":"Plenery"},"content":{"rendered":"<div data-colibri-id=\"859-c1\" class=\"style-213 style-local-859-c1 position-relative\">\r\n  <!---->\r\n  <div data-colibri-component=\"section\" data-colibri-id=\"859-c31\" id=\"about\" class=\"h-section h-section-global-spacing d-flex align-items-lg-center align-items-md-center align-items-center style-240 style-local-859-c31 position-relative\">\r\n    <!---->\r\n    <!---->\r\n    <div class=\"h-section-grid-container h-section-boxed-container\">\r\n      <!---->\r\n      <div data-colibri-id=\"859-c32\" class=\"h-row-container gutters-row-lg-2 gutters-row-md-2 gutters-row-2 gutters-row-v-lg-2 gutters-row-v-md-2 gutters-row-v-2 style-241 style-local-859-c32 position-relative\">\r\n        <!---->\r\n        <div class=\"h-row justify-content-lg-center justify-content-md-center justify-content-center align-items-lg-stretch align-items-md-stretch align-items-stretch gutters-col-lg-2 gutters-col-md-2 gutters-col-2 gutters-col-v-lg-2 gutters-col-v-md-2 gutters-col-v-2\">\r\n          <!---->\r\n          <div class=\"h-column h-column-container d-flex h-col-lg-auto h-col-md-auto h-col-auto style-242-outer style-local-859-c33-outer\">\r\n            <div data-colibri-id=\"859-c33\" class=\"d-flex h-flex-basis h-column__inner h-px-lg-2 h-px-md-2 h-px-2 v-inner-lg-2 v-inner-md-2 v-inner-2 style-242 style-local-859-c33 position-relative\">\r\n              <!---->\r\n              <!---->\r\n              <div class=\"w-100 h-y-container h-column__content h-column__v-align flex-basis-100 align-self-lg-center align-self-md-center align-self-center\">\r\n                <!---->\r\n                <div data-colibri-id=\"859-c35\" class=\"h-global-transition-all h-heading style-244 style-local-859-c35 position-relative h-element\">\r\n                  <!---->\r\n                  <div class=\"h-heading__outer style-244 style-local-859-c35\">\r\n                    <!---->\r\n                    <!---->\r\n                    <h2 class=\"\">Jadowskie Klimaty 2019<\/h2>\r\n                  <\/div>\r\n                <\/div>\r\n                <div data-colibri-id=\"859-c36\" class=\"h-lead h-text h-text-component style-245 style-local-859-c36 position-relative h-element\">\r\n                  <!---->\r\n                  <!---->\r\n                  <div class=\"\">\r\n                    <p>\r\n                      <br>\r\n                    <\/p>\r\n                    <p>W dniach 2 \u2013 9 czerwca w Gminnym O\u015brodku Kultury w Jadowie odby\u0142 si\u0119 kolejny plener malarski &#8222;Jadowskie Klimaty&#8221;, kt\u00f3ry zako\u0144czy\u0142a wystawa. W tym roku w plenerze uczestniczyli: Tomasz Awdziejczyk, Gabriela Czarnecka, Zbigniew Dziwosz,\r\n                      Zdzis\u0142aw Machowicz, Marek Madej, Janusz Ma\u015bnik, Krystyna Mirkiewicz, Ewa Pasecka &#8211; Kud\u0142acik, Maria Rejzner i Teresa Trzan.<\/p>\r\n                    <p>Wystaw\u0119 poprzedzi\u0142 wyst\u0119p artystycznym z udzia\u0142em dyr. GOK \u0141ukasza W\u00f3jcika, Kingi Salwin, Weroniki Przybysz i Micha\u0142a Siuchty. W\u015br\u00f3d zebranej publiczno\u015bci znale\u017ali si\u0119: W\u00f3jt Gminy Jad\u00f3w Dariusz Kokoszka, Przewodnicz\u0105ca Rady Gminy Regina\r\n                      Sadlik, ks. dziekan Bogdan Lewi\u0144ski, Dyr. Biblioteki Publicznej Gminy Jad\u00f3w Sylwia Tryc, dyr. ZSP Urle Aniela Dobosiewicz, skarbnik gminy Jad\u00f3w Barbara W\u00f3jcik oraz pomys\u0142odawczyni plener\u00f3w p. Halina Filemonowicz.<\/p>\r\n                  <\/div>\r\n                <\/div>\r\n              <\/div>\r\n            <\/div>\r\n          <\/div>\r\n          <div class=\"h-column h-column-container d-flex h-col-lg-auto h-col-md-auto h-col-auto style-248-outer style-local-859-c39-outer\">\r\n            <div data-colibri-id=\"859-c39\" class=\"d-flex h-flex-basis h-column__inner h-px-lg-2 h-px-md-2 h-px-2 v-inner-lg-2 v-inner-md-2 v-inner-2 style-248 style-local-859-c39 position-relative\">\r\n              <!---->\r\n              <!---->\r\n              <div class=\"w-100 h-y-container h-column__content h-column__v-align flex-basis-100 align-self-lg-center align-self-md-center align-self-center\">\r\n                <!---->\r\n                <div data-colibri-id=\"859-c40\" class=\"d-block style-249 style-local-859-c40 position-relative h-element\">\r\n                  <!---->\r\n                  <div class=\"h-image__frame-container-outer\">\r\n                    <div class=\"h-image__frame-container\">\r\n                      <!---->\r\n                      <!---->\r\n                      <img decoding=\"async\" src=\"https:\/\/gokjadow.pl\/wp-content\/uploads\/2021\/08\/cropped-cropped-IMG_0236-scaled-1.jpg\" class=\"wp-image-1095 style-249-image style-local-859-c40-image\" alt=\"\" \/>\r\n                      <div class=\"h-image__frame h-hide-sm style-249-frameImage style-local-859-c40-frameImage\"><\/div>\r\n                    <\/div>\r\n                  <\/div>\r\n                <\/div>\r\n              <\/div>\r\n            <\/div>\r\n          <\/div>\r\n        <\/div>\r\n      <\/div>\r\n    <\/div>\r\n  <\/div>\r\n  <div data-colibri-component=\"section\" data-colibri-id=\"859-c49\" id=\"custom\" class=\"h-section h-section-global-spacing d-flex align-items-lg-center align-items-md-center align-items-center style-258 style-local-859-c49 position-relative\">\r\n    <!---->\r\n    <!---->\r\n    <div class=\"h-section-grid-container h-section-boxed-container\">\r\n      <!---->\r\n      <div data-colibri-id=\"859-c55\" class=\"h-row-container gutters-row-lg-2 gutters-row-md-2 gutters-row-0 gutters-row-v-lg-2 gutters-row-v-md-2 gutters-row-v-2 style-264 style-local-859-c55 position-relative\">\r\n        <!---->\r\n        <div class=\"h-row justify-content-lg-center justify-content-md-center justify-content-center align-items-lg-stretch align-items-md-stretch align-items-stretch gutters-col-lg-2 gutters-col-md-2 gutters-col-0 gutters-col-v-lg-2 gutters-col-v-md-2 gutters-col-v-2\">\r\n          <!---->\r\n          <div class=\"h-column h-column-container d-flex h-col-lg-auto h-col-md-auto h-col-auto style-265-outer style-local-859-c56-outer\">\r\n            <div data-colibri-id=\"859-c56\" class=\"d-flex h-flex-basis h-column__inner h-px-lg-2 h-px-md-2 h-px-2 v-inner-lg-2 v-inner-md-2 v-inner-2 style-265 style-local-859-c56 position-relative\">\r\n              <!---->\r\n              <!---->\r\n              <div class=\"w-100 h-y-container h-column__content h-column__v-align flex-basis-100 align-self-lg-start align-self-md-start align-self-start\">\r\n                <!---->\r\n                <div data-colibri-id=\"859-c57\" class=\"d-block style-261 style-local-859-c57 position-relative h-element\">\r\n                  <!---->\r\n                  <div class=\"h-image__frame-container-outer\">\r\n                    <div class=\"h-image__frame-container\">\r\n                      <!---->\r\n                      <!---->\r\n                      <img decoding=\"async\" src=\"https:\/\/gokjadow.pl\/wp-content\/uploads\/2021\/08\/cropped-DSC00822-scaled-1.jpg\" class=\"wp-image-1104 style-261-image style-local-859-c57-image\" alt=\"\" \/>\r\n                      <div class=\"h-image__frame h-hide-lg h-hide-md h-hide-sm style-261-frameImage style-local-859-c57-frameImage\"><\/div>\r\n                    <\/div>\r\n                  <\/div>\r\n                <\/div>\r\n              <\/div>\r\n            <\/div>\r\n          <\/div>\r\n        <\/div>\r\n      <\/div>\r\n      <div data-colibri-id=\"859-c50\" class=\"h-row-container gutters-row-lg-2 gutters-row-md-2 gutters-row-0 gutters-row-v-lg-2 gutters-row-v-md-2 gutters-row-v-2 style-259 style-local-859-c50 position-relative\">\r\n        <!---->\r\n        <div class=\"h-row justify-content-lg-center justify-content-md-center justify-content-center align-items-lg-stretch align-items-md-stretch align-items-stretch gutters-col-lg-2 gutters-col-md-2 gutters-col-0 gutters-col-v-lg-2 gutters-col-v-md-2 gutters-col-v-2\">\r\n          <!---->\r\n          <div class=\"h-column h-column-container d-flex h-col-lg-auto h-col-md-auto h-col-auto style-262-outer style-local-859-c53-outer\">\r\n            <div data-colibri-id=\"859-c53\" class=\"d-flex h-flex-basis h-column__inner h-px-lg-2 h-px-md-2 h-px-2 v-inner-lg-2 v-inner-md-2 v-inner-2 style-262 style-local-859-c53 position-relative\">\r\n              <!---->\r\n              <!---->\r\n              <div class=\"w-100 h-y-container h-column__content h-column__v-align flex-basis-100 align-self-lg-start align-self-md-start align-self-start\">\r\n                <!---->\r\n                <div data-colibri-id=\"859-c54\" class=\"h-text h-text-component style-263 style-local-859-c54 position-relative h-element\">\r\n                  <!---->\r\n                  <!---->\r\n                  <div class=\"\">\r\n                    <p>\r\n                      <br>\r\n                    <\/p>\r\n                    <p>W dniach 3 \u2013 10 czerwca 2018 roku <\/p>\r\n                    <p>w Gminnym O\u015brodku Kultury w Jadowie odby\u0142 si\u0119 XVIII plener malarski &#8222;Jadowskie Klimaty&#8221;.<\/p>\r\n                    <p>Organizatorem pleneru by\u0142 Gminny O\u015brodek Kultury w Jadowie, a wsp\u00f3\u0142organizatorami: Powiat Wo\u0142omi\u0144ski i Gmina Jad\u00f3w.<\/p>\r\n                    <p>W tym roku w plenerze uczestniczyli: Inna Bobryk, Krystyna Mirkiewicz,Teresa Muracka, Ewa Piasecka &#8211; Kud\u0142acik, Maria Rejzner, Katarzyna Skoczy\u0144ska, W\u0142odzimierz Bobryk, Dariusz Buczy\u0144ski, Zbigniew Dziwosz, Janusz Ma\u015bnik, Klaudiusz Maselewski\r\n                      i Lech Pawlak.<\/p>\r\n                    <p>Plener zako\u0144czy\u0142 si\u0119 wystaw\u0105 prac artyst\u00f3w.<\/p>\r\n                    <p>Wystaw\u0119 u\u015bwietni\u0142 koncert Jacka Borkowskiego &#8211; aktora teatralnego, filmowego i telewizyjnego, znanego szerszej publiczno\u015bci z roli Piotra Rafalskiego w serialu Klan.<\/p>\r\n                    <p>Na wystaw\u0119 przybyli: W\u00f3jt Gminy Jad\u00f3w Dariusz Kokoszka, ks. dziekan Bogdan Lewi\u0144ski, Dyr. CKSiR w T\u0142uszczu Wioletta Kur, Dyr. ZSP Urle Aniela Dobosiewicz, skarbnik gminy Jad\u00f3w Barbara W\u00f3jcik, pomys\u0142odawczyni jadowskich plener\u00f3w &#8211; Halina\r\n                      Filemonowicz, Przewodnicz\u0105ca Komisji Kultury i O\u015bwiaty Gminy Jad\u00f3w Danuta Tarach, radni, so\u0142tysi, mieszka\u0144cy gminy Jad\u00f3w i go\u015bcie odwiedzaj\u0105cy nasz\u0105 gmin\u0119.<\/p>\r\n                  <\/div>\r\n                <\/div>\r\n              <\/div>\r\n            <\/div>\r\n          <\/div>\r\n          <div class=\"h-column h-column-container d-flex h-col-lg-auto h-col-md-auto h-col-auto style-266-outer style-local-859-c58-outer\">\r\n            <div data-colibri-id=\"859-c58\" class=\"d-flex h-flex-basis h-column__inner h-ui-empty-state-container h-px-lg-2 h-px-md-2 h-px-2 v-inner-lg-2 v-inner-md-2 v-inner-2 style-266 style-local-859-c58 position-relative\">\r\n              <!---->\r\n              <!---->\r\n              <div class=\"w-100 h-y-container h-column__content h-column__v-align flex-basis-100\">\r\n                <!---->\r\n              <\/div>\r\n            <\/div>\r\n          <\/div>\r\n        <\/div>\r\n      <\/div>\r\n    <\/div>\r\n  <\/div>\r\n  <div data-colibri-component=\"section\" data-colibri-id=\"859-c60\" id=\"custom-2\" class=\"h-section h-section-global-spacing d-flex align-items-lg-center align-items-md-center align-items-center style-268 style-local-859-c60 position-relative\">\r\n    <!---->\r\n    <!---->\r\n    <div class=\"h-section-grid-container h-section-boxed-container\">\r\n      <!---->\r\n      <div data-colibri-id=\"859-c61\" class=\"h-row-container gutters-row-lg-2 gutters-row-md-2 gutters-row-0 gutters-row-v-lg-2 gutters-row-v-md-2 gutters-row-v-2 style-269 style-local-859-c61 position-relative\">\r\n        <!---->\r\n        <div class=\"h-row justify-content-lg-center justify-content-md-center justify-content-center align-items-lg-stretch align-items-md-stretch align-items-stretch gutters-col-lg-2 gutters-col-md-2 gutters-col-0 gutters-col-v-lg-2 gutters-col-v-md-2 gutters-col-v-2\">\r\n          <!---->\r\n          <div class=\"h-column h-column-container d-flex h-col-lg-auto h-col-md-auto h-col-auto style-270-outer style-local-859-c62-outer\">\r\n            <div data-colibri-id=\"859-c62\" class=\"d-flex h-flex-basis h-column__inner h-ui-empty-state-container h-px-lg-2 h-px-md-2 h-px-2 v-inner-lg-2 v-inner-md-2 v-inner-2 style-270 style-local-859-c62 position-relative\">\r\n              <!---->\r\n              <!---->\r\n              <div class=\"w-100 h-y-container h-column__content h-column__v-align flex-basis-100\">\r\n                <!---->\r\n              <\/div>\r\n            <\/div>\r\n          <\/div>\r\n        <\/div>\r\n      <\/div>\r\n    <\/div>\r\n  <\/div>\r\n<\/div>","protected":false},"excerpt":{"rendered":"<p>Jadowskie Klimaty 2019 W dniach 2 \u2013 9 czerwca w Gminnym O\u015brodku Kultury w Jadowie odby\u0142 si\u0119 kolejny plener malarski &#8222;Jadowskie Klimaty&#8221;, kt\u00f3ry zako\u0144czy\u0142a wystawa. W tym roku w plenerze [&hellip;]<\/p>\n","protected":false},"author":1,"featured_media":0,"parent":0,"menu_order":0,"comment_status":"closed","ping_status":"closed","template":"page-templates\/full-width-page.php","meta":{"_monsterinsights_skip_tracking":false,"_monsterinsights_sitenote_active":false,"_monsterinsights_sitenote_note":"","_monsterinsights_sitenote_category":0,"footnotes":""},"class_list":["post-859","page","type-page","status-publish","hentry"],"_links":{"self":[{"href":"https:\/\/gokjadow.pl\/index.php?rest_route=\/wp\/v2\/pages\/859","targetHints":{"allow":["GET"]}}],"collection":[{"href":"https:\/\/gokjadow.pl\/index.php?rest_route=\/wp\/v2\/pages"}],"about":[{"href":"https:\/\/gokjadow.pl\/index.php?rest_route=\/wp\/v2\/types\/page"}],"author":[{"embeddable":true,"href":"https:\/\/gokjadow.pl\/index.php?rest_route=\/wp\/v2\/users\/1"}],"replies":[{"embeddable":true,"href":"https:\/\/gokjadow.pl\/index.php?rest_route=%2Fwp%2Fv2%2Fcomments&post=859"}],"version-history":[{"count":4,"href":"https:\/\/gokjadow.pl\/index.php?rest_route=\/wp\/v2\/pages\/859\/revisions"}],"predecessor-version":[{"id":1113,"href":"https:\/\/gokjadow.pl\/index.php?rest_route=\/wp\/v2\/pages\/859\/revisions\/1113"}],"wp:attachment":[{"href":"https:\/\/gokjadow.pl\/index.php?rest_route=%2Fwp%2Fv2%2Fmedia&parent=859"}],"curies":[{"name":"wp","href":"https:\/\/api.w.org\/{rel}","templated":true}]}}